{"id":636,"date":"2026-03-08T07:55:42","date_gmt":"2026-03-08T06:55:42","guid":{"rendered":"https:\/\/boarscale.com\/?page_id=636"},"modified":"2026-03-15T01:03:06","modified_gmt":"2026-03-15T00:03:06","slug":"brain-hack","status":"publish","type":"page","link":"https:\/\/boarscale.com\/index.php\/brain-hack\/","title":{"rendered":"Brain Hack"},"content":{"rendered":"\n<p>L&rsquo;optimisation cognitive n&rsquo;est pas une qu\u00eate de perfection, mais une s\u00e9rie d&rsquo;it\u00e9rations sur notre propre syst\u00e8me d&rsquo;exploitation biologique. Cette section regroupe les protocoles et exp\u00e9rimentations que nous testons au sein du <strong>Lab<\/strong>.<\/p>\n\n\n\n<p>Ici, nous explorons les zones d&rsquo;intersection entre neurosciences appliqu\u00e9es et efficience brute.<\/p>\n\n\n\n<div style=\"height:100px\" aria-hidden=\"true\" class=\"wp-block-spacer\"><\/div>\n\n\n\n<h2 class=\"wp-block-heading\">D\u00e9pendance \u00e0 la dopamine<\/h2>\n\n\n\n<div class=\"wp-block-group is-horizontal is-content-justification-center is-layout-flex wp-container-core-group-is-layout-6bd4d9d1 wp-block-group-is-layout-flex\">\n<div class=\"wp-block-bbx-bento-box alignfull\" style=\"--bbx-box-grid-template-columns:repeat(3, 1fr);--bbx-box-grid-template-rows:repeat(3, 1fr);--bbx-box-grid-gap:1rem\">\n<div class=\"wp-block-bbx-bento-card hover-undefined\" style=\"--bbx-card-rotation-degree:5deg;--bbx-card-scale-factor:1.05;--bbx-card-tilt-degree:5deg;--bbx-card-glow-intensity:15px;--bbx-card-hover-shadow-color:rgb(0, 0, 0);--bbx-card-hover-glow-color-primary:rgb(255, 0, 255);--bbx-card-hover-glow-color-secondary:rgb(0, 255, 255);--bbx-card-grid-row:span 1;--bbx-card-grid-column:span 1;--bbx-card-shadow-offset-x:0px;--bbx-card-shadow-offset-y:0px;--bbx-card-shadow-blur:0px;--bbx-card-shadow-spread:0px\">\n<div class=\"wp-block-buttons is-content-justification-right is-layout-flex wp-container-core-buttons-is-layout-d445cf74 wp-block-buttons-is-layout-flex\">\n<div class=\"wp-block-button has-custom-width wp-block-button__width-75 is-style-outline is-style-outline--1\"><a class=\"wp-block-button__link wp-element-button\" href=\"https:\/\/boarscale.com\/index.php\/projet-le-verrou-de-precision\/\">Le Verrou de Pr\u00e9cision<\/a><\/div>\n<\/div>\n\n\n\n<div class=\"wp-block-buttons is-layout-flex wp-block-buttons-is-layout-flex\">\n<div class=\"wp-block-button\"><a class=\"wp-block-button__link wp-element-button\" href=\"https:\/\/boarscale.com\/index.php\/decalage-temporel-briser-la-boucle-par-linertie-volontaire\/\">D\u00e9calade temporel<\/a><\/div>\n\n\n\n<div class=\"wp-block-button is-style-outline is-style-outline--2\"><a class=\"wp-block-button__link wp-element-button\" href=\"https:\/\/boarscale.com\/index.php\/la-distorsion-spectrale-casser-la-signature-visuelle\/\">Distorsion Spectrale<\/a><\/div>\n<\/div>\n<\/div>\n<\/div>\n<\/div>\n\n\n\n<h2 class=\"wp-block-heading\">Concentration<\/h2>\n\n\n\n<div class=\"wp-block-bbx-bento-box\" style=\"--bbx-box-grid-template-columns:repeat(3, 1fr);--bbx-box-grid-template-rows:repeat(3, 1fr);--bbx-box-grid-gap:1rem\">\n<div class=\"wp-block-bbx-bento-card hover-undefined\" style=\"--bbx-card-rotation-degree:5deg;--bbx-card-scale-factor:1.05;--bbx-card-tilt-degree:5deg;--bbx-card-glow-intensity:15px;--bbx-card-hover-shadow-color:rgb(0, 0, 0);--bbx-card-hover-glow-color-primary:rgb(255, 0, 255);--bbx-card-hover-glow-color-secondary:rgb(0, 255, 255);--bbx-card-grid-row:span 1;--bbx-card-grid-column:span 1;--bbx-card-shadow-offset-x:0px;--bbx-card-shadow-offset-y:0px;--bbx-card-shadow-blur:0px;--bbx-card-shadow-spread:0px\">\n<div class=\"wp-block-buttons is-layout-flex wp-block-buttons-is-layout-flex\">\n<div class=\"wp-block-button\"><a class=\"wp-block-button__link wp-element-button\" href=\"https:\/\/boarscale.com\/index.php\/the-gap-effect\/\">The Gap Effect<\/a><\/div>\n<\/div>\n<\/div>\n\n\n\n<div class=\"wp-block-bbx-bento-card hover-undefined\" style=\"--bbx-card-rotation-degree:5deg;--bbx-card-scale-factor:1.05;--bbx-card-tilt-degree:5deg;--bbx-card-glow-intensity:15px;--bbx-card-hover-shadow-color:rgb(0, 0, 0);--bbx-card-hover-glow-color-primary:rgb(255, 0, 255);--bbx-card-hover-glow-color-secondary:rgb(0, 255, 255);--bbx-card-grid-row:span 1;--bbx-card-grid-column:span 1;--bbx-card-shadow-offset-x:0px;--bbx-card-shadow-offset-y:0px;--bbx-card-shadow-blur:0px;--bbx-card-shadow-spread:0px\">\n<p><\/p>\n<\/div>\n<\/div>\n\n\n\n<div style=\"height:100px\" aria-hidden=\"true\" class=\"wp-block-spacer\"><\/div>\n\n\n\n<h2 class=\"wp-block-heading\">Relaxation<\/h2>\n\n\n\n<div class=\"wp-block-bbx-bento-box\" style=\"--bbx-box-grid-template-columns:repeat(3, 1fr);--bbx-box-grid-template-rows:repeat(3, 1fr);--bbx-box-grid-gap:1rem\">\n<div class=\"wp-block-bbx-bento-card hover-undefined\" style=\"--bbx-card-rotation-degree:5deg;--bbx-card-scale-factor:1.05;--bbx-card-tilt-degree:5deg;--bbx-card-glow-intensity:15px;--bbx-card-hover-shadow-color:rgb(0, 0, 0);--bbx-card-hover-glow-color-primary:rgb(255, 0, 255);--bbx-card-hover-glow-color-secondary:rgb(0, 255, 255);--bbx-card-grid-row:span 1;--bbx-card-grid-column:span 1;--bbx-card-shadow-offset-x:0px;--bbx-card-shadow-offset-y:0px;--bbx-card-shadow-blur:0px;--bbx-card-shadow-spread:0px\">\n<div class=\"wp-block-buttons is-layout-flex wp-block-buttons-is-layout-flex\">\n<div class=\"wp-block-button\"><a class=\"wp-block-button__link wp-element-button\" href=\"https:\/\/boarscale.com\/index.php\/le-reset-vagale-par-choc-aquatique\/\">Le Reset Vagale par Choc Aquatique<\/a><\/div>\n<\/div>\n\n\n\n<div class=\"wp-block-buttons is-layout-flex wp-block-buttons-is-layout-flex\">\n<div class=\"wp-block-button is-style-outline is-style-outline--3\"><a class=\"wp-block-button__link has-text-align-center wp-element-button\" href=\"https:\/\/boarscale.com\/index.php\/regulation-thermique-du-tronc-cerebral\/\">Sommeil &amp; r\u00e9gulation thermique<\/a><\/div>\n<\/div>\n<\/div>\n<\/div>\n\n\n\n<div style=\"height:100px\" aria-hidden=\"true\" class=\"wp-block-spacer\"><\/div>\n\n\n\n<h2 class=\"wp-block-heading\">Physique<\/h2>\n\n\n\n<div class=\"wp-block-bbx-bento-box\" style=\"--bbx-box-grid-template-columns:repeat(3, 1fr);--bbx-box-grid-template-rows:repeat(3, 1fr);--bbx-box-grid-gap:1rem\">\n<div class=\"wp-block-bbx-bento-card hover-undefined\" style=\"--bbx-card-rotation-degree:5deg;--bbx-card-scale-factor:1.05;--bbx-card-tilt-degree:5deg;--bbx-card-glow-intensity:15px;--bbx-card-hover-shadow-color:rgb(0, 0, 0);--bbx-card-hover-glow-color-primary:rgb(255, 0, 255);--bbx-card-hover-glow-color-secondary:rgb(0, 255, 255);--bbx-card-grid-row:span 1;--bbx-card-grid-column:span 1;--bbx-card-shadow-offset-x:0px;--bbx-card-shadow-offset-y:0px;--bbx-card-shadow-blur:0px;--bbx-card-shadow-spread:0px\">\n<p><\/p>\n\n\n\n<div class=\"wp-block-buttons is-layout-flex wp-block-buttons-is-layout-flex\">\n<div class=\"wp-block-button\"><a class=\"wp-block-button__link wp-element-button\" href=\"https:\/\/boarscale.com\/index.php\/anesthesie-par-saturation-de-frequence\/\">Anesth\u00e9sie par Saturation de Fr\u00e9quence<\/a><\/div>\n<\/div>\n<\/div>\n<\/div>\n","protected":false},"excerpt":{"rendered":"<p>L&rsquo;optimisation cognitive n&rsquo;est pas une qu\u00eate de perfection, mais une s\u00e9rie d&rsquo;it\u00e9rations sur notre propre syst\u00e8me d&rsquo;exploitation biologique. Cette section regroupe les protocoles et exp\u00e9rimentations que nous testons au sein du Lab. Ici, nous explorons les zones d&rsquo;intersection entre neurosciences appliqu\u00e9es et efficience brute. D\u00e9pendance \u00e0 la dopamine Concentration Relaxation Physique<\/p>\n","protected":false},"author":1,"featured_media":0,"parent":0,"menu_order":0,"comment_status":"closed","ping_status":"closed","template":"","meta":{"footnotes":""},"class_list":["post-636","page","type-page","status-publish","hentry"],"_links":{"self":[{"href":"https:\/\/boarscale.com\/index.php\/wp-json\/wp\/v2\/pages\/636","targetHints":{"allow":["GET"]}}],"collection":[{"href":"https:\/\/boarscale.com\/index.php\/wp-json\/wp\/v2\/pages"}],"about":[{"href":"https:\/\/boarscale.com\/index.php\/wp-json\/wp\/v2\/types\/page"}],"author":[{"embeddable":true,"href":"https:\/\/boarscale.com\/index.php\/wp-json\/wp\/v2\/users\/1"}],"replies":[{"embeddable":true,"href":"https:\/\/boarscale.com\/index.php\/wp-json\/wp\/v2\/comments?post=636"}],"version-history":[{"count":9,"href":"https:\/\/boarscale.com\/index.php\/wp-json\/wp\/v2\/pages\/636\/revisions"}],"predecessor-version":[{"id":674,"href":"https:\/\/boarscale.com\/index.php\/wp-json\/wp\/v2\/pages\/636\/revisions\/674"}],"wp:attachment":[{"href":"https:\/\/boarscale.com\/index.php\/wp-json\/wp\/v2\/media?parent=636"}],"curies":[{"name":"wp","href":"https:\/\/api.w.org\/{rel}","templated":true}]}}